the tens digit of z?
3
Let l(a) be the second derivative of -21*a**3 + 129*a**2/2 + 16*a + 7. What is the units digit of l(-10)?
9
Suppose 252*s - 249*s - 12 = 0. Suppose -11*c - 1320 = -16*c + s*d, -3*d = -2*c + 528. What is the hundreds digit of c?
2
Let y(b) be the third derivative of 3*b**5/20 - b**4/24 + 4*b**3/3 - 3*b**2. Suppose 32*n = 3*n - 116. What is the units digit of y(n)?
6
Let h = -2 + 7. Suppose -3*i + 41 = -i - 3*t, -119 = -h*i + 2*t. What is the tens digit of 2 - (-24)/(-10) - (-1485)/i?
5
Suppose 0 = -3*q + j + 60, -60 = -69*q + 66*q - 5*j. Suppose n = -4 + 5. What is the units digit of (1 + n - q/12)*30?
0
Let u be (-4)/(80/(-300)*3/(-2)). What is the units digit of (u + 12)/(-1 - 504/(-502))?
2
Let m(w) = -908*w + 350. What is the thousands digit of m(-6)?
5
Let z be -1*12 + -228 + 145. Let a(w) = 11*w**2 - 4*w + 2. Let f be a(5). Let m = z + f. What is the tens digit of m?
6
Suppose 3*h - 8*h = -15. Suppose k - h*k = 2*k. Suppose k = -3*l - 5*c + 48, 3*l - 61 = -2*l - 2*c. What is the units digit of l?
1
Let i = 0 + 5. Suppose 27 = -64*f + 91. Suppose -j + i + f = 0. What is the units digit of j?
6
Suppose -153*w + 1447472 - 400340 = 0. What is the hundreds digit of w?
8
Let x = 188 - 54. Suppose -r - 283 - x = 4*z, -4*r - 1623 = z. Let k = 621 + r. What is the hundreds digit of k?
2
Let l = 2157 + 1423. Suppose 0 = 61*v - 65*v + l. Suppose -6*z + v = -z. What is the hundreds digit of z?
1
Let o = 62 + -39. Suppose 4*w - q - o = -0*q, -2*q = 3*w - 9. Suppose 0 = w*p + 2*c - 766, 5*c + 4 = 3*c. What is the units digit of p?
4
Let i be (1*(-55)/(-10) - 6)*14. Let n(c) = 13*c**2 - 55*c - 29. Let m(s) = 3*s**2 - 14*s - 7. Let o(p) = 9*m(p) - 2*n(p). What is the tens digit of o(i)?
5
Let c = 1176 - -9578. What is the ten thousands digit of c?
1
Let a be (-21771)/(-27) - 4/(-6). Suppose -8*s = 183 - a. Let t = s + 22. What is the tens digit of t?
0
Let m(c) = 3*c + 5*c + 10*c - 19. Let v(h) = -2*h**2 - 28*h - 21. Let o be v(-13). What is the units digit of m(o)?
1
Suppose 47*j - 43*j - 48 = 0. What is the units digit of 3*5/(-20) + 11277/j?
9
Let p(m) be the third derivative of -23*m**7/5040 - 7*m**6/180 + 19*m**5/60 + 5*m**2. Let h(w) be the third derivative of p(w). What is the tens digit of h(-4)?
6
Suppose -36 = -3*l - 6*l. Suppose 0 = -4*r + l*z - 4, 4*r + 4*z - 25 = 3. Suppose u + u + 4*k - 64 = 0, -r*k = -4*u + 161. What is the units digit of u?
8
Let z be (13 + -11)*2/(-4). What is the hundreds digit of 52/13 + (z - -832)?
8
What is the units digit of (0 - (-1)/(-6)) + 113142911/6762?
2
Let x(o) = -9*o - 42*o - 4*o - 39*o - 27. What is the units digit of x(-6)?
7
Let w(a) be the third derivative of -a**5/60 + 19*a**4/24 - 19*a**3/3 + 18*a**2. Let k be w(18). What is the units digit of 0 + 54 - (k - -18)?
6
What is the tens digit of 1/(8/(-6)*37401207/(-5540902) + -9)?
6
Suppose -202*c = 346074 - 1030248. What is the tens digit of c?
8
Let u(i) = 2*i**2 + 26*i - 32. Let c be u(-14). What is the units digit of (c/(-6))/((-5)/(-90))?
2
What is the thousands digit of (-170)/595 + (3257/(-14) + 3)*-30?
6
Let h(t) = 133*t**2 - 16. Let m be h(4). What is the tens digit of (3/(-5))/(m/2115 + -1)?
2
Suppose 55 = -3*m + 8*m. Suppose 0 = 8*v - 34 + 642. Let y = m - v. What is the tens digit of y?
8
Let p(j) = 5 - j - 4 + 0 + 7. Let m be p(17). Let y(z) = 2*z**2 + 10*z + 9. What is the tens digit of y(m)?
8
What is the hundreds digit of -4 + 1345 - ((1 - -5) + 2)?
3
Let q = 470 + -701. Let s = q + 263. What is the units digit of s?
2
What is the units digit of (4/6)/((-11860)/(-1482) + -8)?
7
Let g be 462/55 + (-4)/10. Suppose -2*t - g = -4*r + 106, 0 = -3*r - t + 83. Let p = 115 - r. What is the units digit of p?
7
Let t = -209 + 249. What is the tens digit of 2097/2 + (-20)/t?
4
Let m(l) = l**2 + 17*l + 30. Let u be m(-17). Let s = -23 + 33. What is the tens digit of (s/3)/(4/u)?
2
Suppose -113*x + 19*x = 195*x - 4335. Let p(i) = -3*i. Let l(h) = -13*h. Let t(u) = 2*l(u) - 9*p(u). What is the tens digit of t(x)?
1
Let h = 5 - -17. Suppose 19 + h = 5*p - f, 4 = f. Suppose p = -k - 2*k, -2*v + 211 = -k. What is the units digit of v?
4
What is the units digit of ((-3)/2)/((-3)/4750)?
5
Let k = -92 + 79. Let x = k + 12. What is the tens digit of (-173 + x + 4)*(-6)/12?
8
Suppose -8*x - 265 = -3*x. Let w = x + 55. What is the hundreds digit of 538/w + 24/18*-3?
2
Let r = -1108 - -667. Let y = r - -813. What is the tens digit of y?
7
Let x(a) = a**2 + 6*a + 9. Let b(i) = 2*i**2 + 6*i + 8. Let m(h) = 4*b(h) - 3*x(h). Let c be m(-5). Suppose s + c - 178 = 0. What is the units digit of s?
8
Suppose -o + 4*i + 372 = 3*o, -371 = -4*o + 5*i. Let v = -103 + o. What is the tens digit of -4 + (-21)/3*v?
5
Let z(i) = 12*i - 43. Let y be z(4). Suppose -5*f - m = m - 2350, -2315 = -y*f + 5*m. What is the hundreds digit of f?
4
Let y be 26/7 + -2 - 2/(-7). Let h(t) = 18 + 52*t**2 + 6 + 11*t - 53*t**y. What is the units digit of h(10)?
4
Suppose 0 = 171*i - 163*i + 96. Suppose -494 - 103 = c. What is the hundreds digit of i/48 + c/(-4)?
1
Suppose 0 = -7*l + 2*l + 5, -r + 30 = -l. Suppose -17 = -16*q + r. Suppose 4*m + 0*n - 538 = -5*n, 0 = -q*m - 2*n + 400. What is the units digit of m?
2
Suppose 2696 = 7*s - 3226. Suppose s = -3*v + 2175. What is the tens digit of v?
4
Let o be 56/20 - (-8)/(-10). Suppose 3*k + 73 = 2*d, -d + 3*d = -o*k + 68. Let m = 75 - d. What is the units digit of m?
0
Let m = -394 - -421. Suppose -m*n = -34*n + 1596. What is the units digit of n?
8
Let s be (-3 - -7)*(-24 - -26). Suppose -4098 - 6582 = -s*p. What is the units digit of p?
5
Let h(n) = 5*n**2 - 6*n + 1. Let q = -33 + 25. What is the units digit of h(q)?
9
Suppose -11*f + 62384 + 80738 - 5765 = 0. What is the ten thousands digit of f?
1
Let l be -5 - 1 - 24/(-4). What is the tens digit of (42 - -467) + (2 - l)?
1
Let j(g) = -g**3 + 21*g**2 - 113*g + 14. Let z be j(11). Let c = -80 + 181. Let y = z + c. What is the units digit of y?
2
Suppose 0 = o - 2*o + 3*q + 82, 5*o - 426 = -q. Suppose 2*d = -5*y + 75, 2*d + 5*y + o = 4*d. Suppose 0 = 43*u - d*u - 351. What is the units digit of u?
7
What is the thousands digit of (-40)/16*14/(-5)*(-1 + 3895)?
7
Suppose 4*j - z - z = 0, -5*z = -j + 18. Let s be j/(-4*2/52). Suppose -15 = -2*q + s. What is the tens digit of q?
1
Let l = 3781 + 12388. What is the ten thousands digit of l?
1
Let i(t) = -8*t + 196. Let s(r) = -r**3 - 8*r**2 + 9*r + 7. Let d be s(-9). What is the units digit of i(d)?
0
Let s = -119 + 123. Suppose 2*g - 2067 = 5*r - 2*r, 0 = g - s*r - 1031. What is the units digit of g?
5
Let d = 28210 - 15824. What is the thousands digit of d?
2
Let d(l) = 5*l**2 - 4*l + 1. Let h be d(1). Suppose i = -3*i + h*w + 2920, 0 = 5*i - 3*w - 3649. Suppose 129 = 5*a - i. What is the units digit of a?
2
Suppose -3*p - 4*w - 250 = -2737, -w - 1647 = -2*p. Suppose 36*h = 2697 - p. What is the tens digit of h?
5
Suppose 0 = 2*w - 3*y - 3, w + 5*y - 4 = 4*y. Suppose -w*r + 92 = 80. Suppose 6*g + v = g + 36, -r*g - 3*v = -31. What is the units digit of g?
7
What is the units digit of (756/882)/(4/18410)?
5
Let z = -729 - -399. Let d = -131 - z. What is the units digit of d?
9
Let k(b) = -5779*b + 2698. What is the units digit of k(-5)?
3
What is the hundreds digit of (-6 + 6 - -4) + -6 - -8351?
3
Suppose -5*a - 398 = -3*m - 1321, 4*m + 4 = 0. Suppose -4*g + 3*u = 5*u - 790, -5*u = g - a. What is the units digit of g?
9
Suppose 56*u - 3597706 = -105*u. What is the units digit of u?
6
Let s = -349 + 246. Let c = 130 + s. Let w = c - -26. What is the tens digit of w?
5
Suppose 0 = -203*a + 197*a - 12336. Let j = 3087 + a. What is the hundreds digit of j?
0
Suppose 13*b + 768 = -11*b. What is the tens digit of 852 + b/(-40) + (-42)/(-10)?
5
Let x(z) be the first derivative of -49*z**2/2 - 25*z + 4. Let r be x(-21). Suppose 62*l = 66*l - r. What is the units digit of l?
1
Let i be ((-96)/(-1 - -5))/(-1). Let z = 26 - i. Suppose 2*n + 2*w - 152 = 0, -z*n - 3*w - 49 + 203 = 0. What is the units digit of n?
4
Let m(u) = 8*u**3 - 4*u - 1. Let b be m(2). Suppose b*f - 25049 = 18*f. What is the hundreds digit of f?
6
Let v = -45762 + 84417. What is the ten thousands digit of v?
3
Let t(u) = -u**3 - 6*u**2 - 11*u + 3. Let z be t(-5). W